 Let j be c(8). Suppose -j*d = 2*w - 4 + 2, 10 = 4*w + 3*d. Suppose -w*r = 5*z - 287, z + 130 = 2*r - z. What is the units digit of r?
8
Let r(n) = 17537*n - 4133. What is the ten thousands digit of r(4)?
6
Suppose -p - h = h, -28 = -5*p + 4*h. Suppose p*s + 152 = 4. Let m = s - -116. What is the units digit of m?
9
Let u = 239 + -234. Suppose 2265 = -u*w + 20*w. What is the units digit of w?
1
Let y be ((-995)/25 + 5)/((-6)/20). Suppose y - 1888 = -4*f. What is the tens digit of f?
4
Let p = -26 - -23. Let v be 9/p - (207 + -2). Let n = -112 - v. What is the units digit of n?
6
What is the tens digit of 10/40*52 - -5584?
9
Suppose 0 = -67*q - 109182 + 517212. What is the hundreds digit of q?
0
Let i(p) = 35*p**2 - 7*p - 14. Let u be 68/(-18) + -4 + (-204)/(-54). Let w be i(u). What is the units digit of (0 - 6)*w/(-42)?
2
Suppose -3*p + 10 = -5. Suppose 3*f + 146 = 3*r - 2*f, -p*r + 5*f = -230. Suppose -4*j + r + 2 = 0. What is the tens digit of j?
1
Let t(v) = 3*v**3 + v**2 - 2*v + 2. Let l be t(1). Suppose 0 = k - l*y - 132, k - 134 = -0*y + 3*y. What is the units digit of (k + -3)*3/3?
7
Suppose -3*r + 545 = 4*y - 2501, -4*y - 5066 = -5*r. What is the hundreds digit of r?
0
Let x(y) = -6 + 5*y**2 - 6*y + 3*y + 0 - 6*y**2. Let a be x(-7). What is the units digit of 5/(3 + 100/a)?
5
Suppose -1137*k = -1202*k + 1346410. What is the ten thousands digit of k?
2
Let x = -455 + 25143. What is the ten thousands digit of x?
2
Let m(o) = -7*o**3 + 11*o**2 + 10*o - 35. What is the hundreds digit of m(-6)?
8
Let g = 2603 + -2391. Suppose -3*q + 2959 = -5*s, 0 = -q - 3*s + 563 + 428. Suppose h - 201 = 4*c, 4*h - q + g = 2*c. What is the tens digit of h?
9
Let p(k) = k**3 - 43*k**2 + 180*k - 13. What is the ten thousands digit of p(57)?
5
Suppose -9*o = -45, -3*u + 0*o = 3*o - 135918. What is the units digit of u?
1
Suppose 32*f = 671193 + 287769 + 873230. What is the tens digit of f?
5
Let b(r) be the first derivative of -r**4/4 + 14*r**3/3 - 8*r**2 + 3*r - 31. Let u be 116/10 - (-4)/10. What is the tens digit of b(u)?
9
Let k = 664 + -661. Suppose -3*r = 15*y - 13*y - 2659, k*y + 5*r - 3988 = 0. What is the units digit of y?
1
Suppose 62608 = 2*z + 40528. What is the thousands digit of z?
1
Let m(v) = 5*v**2 - 57*v - 895. What is the tens digit of m(-35)?
2
Let x(z) = z**3 - 43*z**2 - 386*z + 63. What is the tens digit of x(58)?
3
Let n = -2509 + 3303. What is the hundreds digit of n?
7
What is the units digit of ((-10)/45 - 82456/9)*-1?
2
Let k(u) = -u**3 - 3*u**2 + 4*u - 6. Let j = 17 - 19. Let g(a) = 2*a**3 + 6*a**2 + 7*a. Let w be g(j). What is the tens digit of k(w)?
7
Suppose -276952 = 40*j + 69*j - 3244150. What is the thousands digit of j?
7
Suppose 5*f - 377*m + 375*m - 136815 = 0, -4*f + 109470 = 2*m. What is the hundreds digit of f?
3
Let n(u) be the first derivative of -u**2/2 - u + 23. Let d be n(-6). Suppose d*l - 384 = l. What is the tens digit of l?
9
Let r(c) = c**3 - 15*c**2 + c + 3. Let h(j) = j**3 - 11*j**2 + 31*j - 7. Let u be h(5). Let a be -4*(-6 - u)*1. What is the tens digit of r(a)?
7
Let t(z) = 5*z**3 - 30*z**2 + 42*z + 14. Let w(o) = 4*o**3 - 28*o**2 + 42*o + 13. Let c(r) = -6*t(r) + 7*w(r). What is the units digit of c(-13)?
1
Suppose 0 = r - 19 - 664. Let g = r + -395. What is the tens digit of g?
8
Let x = -11 - -13. Let v(z) = 2*z**2 - 2*z - 2. Let i be v(x). Suppose -6*a + 848 = i*a. What is the tens digit of a?
0
Let b = -131 - -183. Suppose -4*a + b + 884 = 0. Suppose 3*p = a + 144. What is the hundreds digit of p?
1
Suppose 4*y = -3*s - 10, 0*s - y = 2*s. Let h(x) = 10 + 2*x**2 - 8 + 20*x + 0*x**2 - x**s. What is the units digit of h(-20)?
2
Let n = -5 - -12. Suppose 4*s = 2*v + 4, 4*v + n*s - 2*s - 31 = 0. Suppose x - v = 1, -2*z + 4*x + 110 = 0. What is the units digit of z?
5
Let p be ((-5)/(-10))/(3/12). Suppose 4 - 12 = p*d, -y + 5*d = -39. Let t = -6 + y. What is the tens digit of t?
1
Suppose -f = 8*x - 12*x - 693, -5*f = -3*x - 541. Let v = 466 + x. What is the hundreds digit of v?
2
Let s = -32669 + 75586. What is the units digit of s?
7
Let b = -1943 - -1270. Let p = b + 1251. What is the units digit of p?
8
Let k = 27078 + -15254. What is the ten thousands digit of k?
1
Suppose 5*s - g = -5 + 4, -2*g = -3*s - 2. Suppose -5*z - 6*z + 4708 = s. What is the tens digit of z?
2
Suppose -5751*c + 5814*c - 4254390 = 0. What is the units digit of c?
0
Let d = -163 - -266. What is the tens digit of d - 11 - (-4)/2?
9
Suppose 3*v - 22*i + 23*i - 8569 = 0, 0 = -3*v + 2*i + 8584. What is the thousands digit of v?
2
Suppose 78*v + 2631108 = 170*v. What is the tens digit of v?
9
Let r be (238*10 - -2)/((-3)/(-2)). Let j = r - 1041. What is the tens digit of j?
4
Let p(y) = -26412*y + 1161. What is the units digit of p(-1)?
3
Let c be 2*10/((-80)/(-12)). Suppose 0 = -3*r + f - c*f + 327, -4*r = 5*f - 436. What is the tens digit of r?
0
Suppose -f + 331 = 3*y, 3*y = 4*y - 3*f - 107. Suppose -y = -6*n + 274. What is the tens digit of n?
6
Let b = -14 - -44. Let u(n) = -n**3 + 13*n**2 - 3*n + 19. Let j be u(11). Suppose 3*x + b - j = 0. What is the tens digit of x?
6
What is the tens digit of 529*15 + 3 + (26 - 31)?
3
Suppose -1460*p + 1455*p = -71495. What is the ten thousands digit of p?
1
Let i = 55813 - 27029. What is the units digit of i?
4
Suppose -11270 = 33*z - 56*z. What is the tens digit of z?
9
Let s = 79 + -75. What is the hundreds digit of (-42)/s*1860/(-21)?
9
What is the units digit of (1 - 17825/(-2)) + 2*(-14)/56?
3
Suppose 2*c = 2, -2*a = a - 5*c + 86. Let u be 6*6/a - 88/(-12). What is the hundreds digit of ((-700)/u)/((-7)/(147/14))?
1
Suppose 134 = -35*b - 76. Let r(f) = -21*f - 3. Let l be r(-3). Let t = l - b. What is the units digit of t?
6
Suppose -h - 70550 = -4*r, r + 5*h - 16161 = 1466. What is the ten thousands digit of r?
1
Let z(p) be the third derivative of -p**5/60 - 23*p**4/24 - 11*p**3 - 36*p**2 - p. What is the tens digit of z(-12)?
6
Let z(w) = 3*w**2 + 22*w + 137. Let l be 3/(43/(-20) + -8 + 10). What is the tens digit of z(l)?
9
Let z = -203 + 208. What is the tens digit of (42/z)/((-26)/(-1040))?
3
What is the ten thousands digit of (1244/(-16) - 2)*(-1 + -1)*66?
1
Let b be 8/(-6)*-3 - 1. Let c be ((-2)/b)/((-7)/21). What is the units digit of (-1)/c*4 + 43?
1
Let c = -27 - -10. Let y(r) = 0 - 2 + 2*r**2 + 6*r + 21*r. What is the tens digit of y(c)?
1
Suppose 0 = -28*i - 43118 + 254434. What is the units digit of i?
7
Let w(j) = -4*j - 22. Let a be w(-6). Let b(l) = 1 - 48 - a*l + 12*l - 6*l. What is the units digit of b(21)?
7
Let a(w) = 2*w + 8 + 30 - 9*w. Let h be a(6). What is the units digit of -14*294/(-24) + 2/h?
1
Suppose 0 = -4*s - 2*f + 57032, -6*f = 3*s - 9*f - 42765. What is the units digit of s?
7
Let c(i) = -6*i + 159. Suppose -6*n = 9*n - 4*n. What is the tens digit of c(n)?
5
Suppose 7*y + 67*y - 1574855 = 1358357. What is the ten thousands digit of y?
3
Suppose -5*p = -8*p + 6. Let h(l) = 36*l**2 - 4. Let c be h(p). Suppose -216 - 134 = -5*n - d, 2*n - c = -3*d. What is the units digit of n?
0
Let s = 18691 - 10712. What is the thousands digit of s?
7
Suppose 12*v - s - 29 = 17*v, -v - 5*s = 25. Let x(i) = 8*i**2 + 9. What is the tens digit of x(v)?
0
Let d be 4/6*-214*(-42)/28. Let a = -197 + d. What is the units digit of a?
7
Suppose -b - o + 298 = 0, -2*b + 515 = -2*o - 73. Let z = b - 162. What is the tens digit of z?
3
Let v(i) = 4*i**2 - 2*i**2 + 896*i - 895*i + 3 - 27*i**3. What is the units digit of v(-2)?
5
Let j(v) = -58*v + 98 - 68 - 137. What is the hundreds digit of j(-10)?
4
Let i be 29 - (-11)/((-44)/(-8)) - 4. Suppose -i*f + 52*f - 9325 = 0. What is the tens digit of f?
7
Let x = 231 + -234. What is the units digit of (0/2)/x - 918/(-2)?
9
Let a(k) = -29*k**2 + 5 + 0*k - 11*k + 30*k**2. Suppose -2*t = i + 6, -t - 3 = 5*i + 18. What is the units digit of a(i)?
5
Let j be (-442)/4 - 5/(-10). What is the units digit of 66/j*(1 + -91)?
4
Let k be (1 - 2) + 185/1. Let n be 12/9 + 5*2648/(-120). Let u = n + k. What is the tens digit of u?
7
Let n(z) = 15*z - 14. Let r be n(11). Let k = 164 - r. What is the tens digit of k?
1
Let q be 32/6 - (172/12 - 15). Suppose -1469 = -q*x + 3883. What is the hundreds digit of x?
8
Let w = -65 + 70. Suppose t - w*f 